{"id":25,"date":"2022-02-11T17:52:13","date_gmt":"2022-02-11T17:52:13","guid":{"rendered":"http:\/\/karlacasillas.mx\/?page_id=25"},"modified":"2024-08-09T18:02:35","modified_gmt":"2024-08-09T18:02:35","slug":"opinion","status":"publish","type":"page","link":"https:\/\/karlacasillas.mx\/index.php\/opinion\/","title":{"rendered":"Opini\u00f3n"},"content":{"rendered":"<ul class=\"wp-block-latest-posts__list is-grid columns-3 has-dates wp-block-latest-posts\"><li><div class=\"wp-block-latest-posts__featured-image aligncenter\"><a href=\"https:\/\/karlacasillas.mx\/index.php\/2024\/06\/18\/urge-romper-la-dinamica-sensacionalista-alrededor-de-la-violencia-feminicida-en-mexico\/\" aria-label=\"Urge romper la din\u00e1mica sensacionalista alrededor de la violencia feminicida en M\u00e9xico\"><img loading=\"lazy\" decoding=\"async\" width=\"300\" height=\"192\" src=\"https:\/\/i0.wp.com\/karlacasillas.mx\/wp-content\/uploads\/2024\/06\/Captura-de-pantalla-2025-06-12-a-las-14.03.39.png?fit=300%2C192&amp;ssl=1\" class=\"attachment-medium size-medium wp-post-image\" alt=\"\" style=\"max-width:225px;max-height:225px;\" srcset=\"https:\/\/i0.wp.com\/karlacasillas.mx\/wp-content\/uploads\/2024\/06\/Captura-de-pantalla-2025-06-12-a-las-14.03.39.png?w=1217&amp;ssl=1 1217w, https:\/\/i0.wp.com\/karlacasillas.mx\/wp-content\/uploads\/2024\/06\/Captura-de-pantalla-2025-06-12-a-las-14.03.39.png?resize=300%2C192&amp;ssl=1 300w, https:\/\/i0.wp.com\/karlacasillas.mx\/wp-content\/uploads\/2024\/06\/Captura-de-pantalla-2025-06-12-a-las-14.03.39.png?resize=1024%2C655&amp;ssl=1 1024w, https:\/\/i0.wp.com\/karlacasillas.mx\/wp-content\/uploads\/2024\/06\/Captura-de-pantalla-2025-06-12-a-las-14.03.39.png?resize=768%2C492&amp;ssl=1 768w, https:\/\/i0.wp.com\/karlacasillas.mx\/wp-content\/uploads\/2024\/06\/Captura-de-pantalla-2025-06-12-a-las-14.03.39.png?resize=850%2C544&amp;ssl=1 850w\" sizes=\"auto, (max-width: 300px) 100vw, 300px\" \/><\/a><\/div><a class=\"wp-block-latest-posts__post-title\" href=\"https:\/\/karlacasillas.mx\/index.php\/2024\/06\/18\/urge-romper-la-dinamica-sensacionalista-alrededor-de-la-violencia-feminicida-en-mexico\/\">Urge romper la din\u00e1mica sensacionalista alrededor de la violencia feminicida en M\u00e9xico<\/a><time datetime=\"2024-06-18T19:54:00+00:00\" class=\"wp-block-latest-posts__post-date\">June 18, 2024<\/time><\/li>\n<li><div class=\"wp-block-latest-posts__featured-image aligncenter\"><a href=\"https:\/\/karlacasillas.mx\/index.php\/2024\/03\/08\/escuchando-a-las-sobrevivientes-sus-reflexiones-como-guia-para-un-nuevo-periodismo\/\" aria-label=\"Escuchando a las sobrevivientes: sus reflexiones como gu\u00eda para un nuevo periodismo\"><img loading=\"lazy\" decoding=\"async\" width=\"300\" height=\"165\" src=\"https:\/\/i0.wp.com\/karlacasillas.mx\/wp-content\/uploads\/2024\/03\/Captura-de-pantalla-2025-06-12-a-las-14.39.44.png?fit=300%2C165&amp;ssl=1\" class=\"attachment-medium size-medium wp-post-image\" alt=\"\" style=\"max-width:225px;max-height:225px;\" srcset=\"https:\/\/i0.wp.com\/karlacasillas.mx\/wp-content\/uploads\/2024\/03\/Captura-de-pantalla-2025-06-12-a-las-14.39.44.png?w=1439&amp;ssl=1 1439w, https:\/\/i0.wp.com\/karlacasillas.mx\/wp-content\/uploads\/2024\/03\/Captura-de-pantalla-2025-06-12-a-las-14.39.44.png?resize=300%2C165&amp;ssl=1 300w, https:\/\/i0.wp.com\/karlacasillas.mx\/wp-content\/uploads\/2024\/03\/Captura-de-pantalla-2025-06-12-a-las-14.39.44.png?resize=1024%2C564&amp;ssl=1 1024w, https:\/\/i0.wp.com\/karlacasillas.mx\/wp-content\/uploads\/2024\/03\/Captura-de-pantalla-2025-06-12-a-las-14.39.44.png?resize=768%2C423&amp;ssl=1 768w, https:\/\/i0.wp.com\/karlacasillas.mx\/wp-content\/uploads\/2024\/03\/Captura-de-pantalla-2025-06-12-a-las-14.39.44.png?resize=850%2C468&amp;ssl=1 850w, https:\/\/i0.wp.com\/karlacasillas.mx\/wp-content\/uploads\/2024\/03\/Captura-de-pantalla-2025-06-12-a-las-14.39.44.png?w=1280 1280w\" sizes=\"auto, (max-width: 300px) 100vw, 300px\" \/><\/a><\/div><a class=\"wp-block-latest-posts__post-title\" href=\"https:\/\/karlacasillas.mx\/index.php\/2024\/03\/08\/escuchando-a-las-sobrevivientes-sus-reflexiones-como-guia-para-un-nuevo-periodismo\/\">Escuchando a las sobrevivientes: sus reflexiones como gu\u00eda para un nuevo periodismo<\/a><time datetime=\"2024-03-08T20:34:00+00:00\" class=\"wp-block-latest-posts__post-date\">March 8, 2024<\/time><\/li>\n<li><div class=\"wp-block-latest-posts__featured-image aligncenter\"><a href=\"https:\/\/karlacasillas.mx\/index.php\/2023\/11\/29\/explorando-la-idea-de-la-traicion-mediatica\/\" aria-label=\"Explorando la idea de la traici\u00f3n medi\u00e1tica\"><img loading=\"lazy\" decoding=\"async\" width=\"300\" height=\"175\" src=\"https:\/\/i0.wp.com\/karlacasillas.mx\/wp-content\/uploads\/2025\/06\/Captura-de-pantalla-2025-06-12-a-las-14.41.26.png?fit=300%2C175&amp;ssl=1\" class=\"attachment-medium size-medium wp-post-image\" alt=\"\" style=\"max-width:225px;max-height:225px;\" srcset=\"https:\/\/i0.wp.com\/karlacasillas.mx\/wp-content\/uploads\/2025\/06\/Captura-de-pantalla-2025-06-12-a-las-14.41.26.png?w=1438&amp;ssl=1 1438w, https:\/\/i0.wp.com\/karlacasillas.mx\/wp-content\/uploads\/2025\/06\/Captura-de-pantalla-2025-06-12-a-las-14.41.26.png?resize=300%2C175&amp;ssl=1 300w, https:\/\/i0.wp.com\/karlacasillas.mx\/wp-content\/uploads\/2025\/06\/Captura-de-pantalla-2025-06-12-a-las-14.41.26.png?resize=1024%2C599&amp;ssl=1 1024w, https:\/\/i0.wp.com\/karlacasillas.mx\/wp-content\/uploads\/2025\/06\/Captura-de-pantalla-2025-06-12-a-las-14.41.26.png?resize=768%2C449&amp;ssl=1 768w, https:\/\/i0.wp.com\/karlacasillas.mx\/wp-content\/uploads\/2025\/06\/Captura-de-pantalla-2025-06-12-a-las-14.41.26.png?resize=850%2C497&amp;ssl=1 850w, https:\/\/i0.wp.com\/karlacasillas.mx\/wp-content\/uploads\/2025\/06\/Captura-de-pantalla-2025-06-12-a-las-14.41.26.png?w=1280 1280w\" sizes=\"auto, (max-width: 300px) 100vw, 300px\" \/><\/a><\/div><a class=\"wp-block-latest-posts__post-title\" href=\"https:\/\/karlacasillas.mx\/index.php\/2023\/11\/29\/explorando-la-idea-de-la-traicion-mediatica\/\">Explorando la idea de la traici\u00f3n medi\u00e1tica<\/a><time datetime=\"2023-11-29T20:40:00+00:00\" class=\"wp-block-latest-posts__post-date\">November 29, 2023<\/time><\/li>\n<li><div class=\"wp-block-latest-posts__featured-image aligncenter\"><a href=\"https:\/\/karlacasillas.mx\/index.php\/2021\/10\/13\/los-medios-tienen-una-relacion-toxica-con-la-violencia-de-genero-en-mexico-es-hora-de-frenarla\/\" aria-label=\"Los medios tienen una relaci\u00f3n t\u00f3xica con la violencia de g\u00e9nero en M\u00e9xico. Es hora de frenarla.\"><img loading=\"lazy\" decoding=\"async\" width=\"300\" height=\"192\" src=\"https:\/\/i0.wp.com\/karlacasillas.mx\/wp-content\/uploads\/2021\/10\/Captura-de-pantalla-2022-03-03-a-las-13.34.23.png?fit=300%2C192&amp;ssl=1\" class=\"attachment-medium size-medium wp-post-image\" alt=\"\" style=\"max-width:225px;max-height:225px;\" srcset=\"https:\/\/i0.wp.com\/karlacasillas.mx\/wp-content\/uploads\/2021\/10\/Captura-de-pantalla-2022-03-03-a-las-13.34.23.png?w=634&amp;ssl=1 634w, https:\/\/i0.wp.com\/karlacasillas.mx\/wp-content\/uploads\/2021\/10\/Captura-de-pantalla-2022-03-03-a-las-13.34.23.png?resize=300%2C192&amp;ssl=1 300w\" sizes=\"auto, (max-width: 300px) 100vw, 300px\" \/><\/a><\/div><a class=\"wp-block-latest-posts__post-title\" href=\"https:\/\/karlacasillas.mx\/index.php\/2021\/10\/13\/los-medios-tienen-una-relacion-toxica-con-la-violencia-de-genero-en-mexico-es-hora-de-frenarla\/\">Los medios tienen una relaci\u00f3n t\u00f3xica con la violencia de g\u00e9nero en M\u00e9xico. Es hora de frenarla.<\/a><time datetime=\"2021-10-13T00:12:24+00:00\" class=\"wp-block-latest-posts__post-date\">October 13, 2021<\/time><\/li>\n<li><div class=\"wp-block-latest-posts__featured-image aligncenter\"><a href=\"https:\/\/karlacasillas.mx\/index.php\/2021\/02\/21\/ante-la-violencia-de-genero-mexico-manda-mensajes-de-impunidad\/\" aria-label=\"Ante la violencia de g\u00e9nero, M\u00e9xico manda mensajes de impunidad\"><img loading=\"lazy\" decoding=\"async\" width=\"300\" height=\"200\" src=\"https:\/\/i0.wp.com\/karlacasillas.mx\/wp-content\/uploads\/2021\/02\/Captura-de-pantalla-2022-03-03-a-las-13.20.39.png?fit=300%2C200&amp;ssl=1\" class=\"attachment-medium size-medium wp-post-image\" alt=\"\" style=\"max-width:225px;max-height:225px;\" srcset=\"https:\/\/i0.wp.com\/karlacasillas.mx\/wp-content\/uploads\/2021\/02\/Captura-de-pantalla-2022-03-03-a-las-13.20.39.png?w=633&amp;ssl=1 633w, https:\/\/i0.wp.com\/karlacasillas.mx\/wp-content\/uploads\/2021\/02\/Captura-de-pantalla-2022-03-03-a-las-13.20.39.png?resize=300%2C200&amp;ssl=1 300w\" sizes=\"auto, (max-width: 300px) 100vw, 300px\" \/><\/a><\/div><a class=\"wp-block-latest-posts__post-title\" href=\"https:\/\/karlacasillas.mx\/index.php\/2021\/02\/21\/ante-la-violencia-de-genero-mexico-manda-mensajes-de-impunidad\/\">Ante la violencia de g\u00e9nero, M\u00e9xico manda mensajes de impunidad<\/a><time datetime=\"2021-02-21T19:25:00+00:00\" class=\"wp-block-latest-posts__post-date\">February 21, 2021<\/time><\/li>\n<li><div class=\"wp-block-latest-posts__featured-image aligncenter\"><a href=\"https:\/\/karlacasillas.mx\/index.php\/2020\/12\/16\/10-anos-del-asesinato-de-marisela-escobedo-las-razones-de-contar-su-historia\/\" aria-label=\"10 a\u00f1os del asesinato de Marisela Escobedo: las razones de contar su historia\"><img loading=\"lazy\" decoding=\"async\" width=\"300\" height=\"170\" src=\"https:\/\/i0.wp.com\/karlacasillas.mx\/wp-content\/uploads\/2022\/03\/Captura-de-pantalla-2022-03-03-a-las-14.27.59.png?fit=300%2C170&amp;ssl=1\" class=\"attachment-medium size-medium wp-post-image\" alt=\"\" style=\"max-width:225px;max-height:225px;\" srcset=\"https:\/\/i0.wp.com\/karlacasillas.mx\/wp-content\/uploads\/2022\/03\/Captura-de-pantalla-2022-03-03-a-las-14.27.59.png?w=636&amp;ssl=1 636w, https:\/\/i0.wp.com\/karlacasillas.mx\/wp-content\/uploads\/2022\/03\/Captura-de-pantalla-2022-03-03-a-las-14.27.59.png?resize=300%2C170&amp;ssl=1 300w\" sizes=\"auto, (max-width: 300px) 100vw, 300px\" \/><\/a><\/div><a class=\"wp-block-latest-posts__post-title\" href=\"https:\/\/karlacasillas.mx\/index.php\/2020\/12\/16\/10-anos-del-asesinato-de-marisela-escobedo-las-razones-de-contar-su-historia\/\">10 a\u00f1os del asesinato de Marisela Escobedo: las razones de contar su historia<\/a><time datetime=\"2020-12-16T00:02:00+00:00\" class=\"wp-block-latest-posts__post-date\">December 16, 2020<\/time><\/li>\n<\/ul>","protected":false},"excerpt":{"rendered":"","protected":false},"author":1,"featured_media":0,"parent":0,"menu_order":0,"comment_status":"closed","ping_status":"closed","template":"","meta":{"_mi_skip_tracking":false,"_monsterinsights_sitenote_active":false,"_monsterinsights_sitenote_note":"","_monsterinsights_sitenote_category":0,"footnotes":""},"class_list":["post-25","page","type-page","status-publish","hentry"],"aioseo_notices":[],"_links":{"self":[{"href":"https:\/\/karlacasillas.mx\/index.php\/wp-json\/wp\/v2\/pages\/25","targetHints":{"allow":["GET"]}}],"collection":[{"href":"https:\/\/karlacasillas.mx\/index.php\/wp-json\/wp\/v2\/pages"}],"about":[{"href":"https:\/\/karlacasillas.mx\/index.php\/wp-json\/wp\/v2\/types\/page"}],"author":[{"embeddable":true,"href":"https:\/\/karlacasillas.mx\/index.php\/wp-json\/wp\/v2\/users\/1"}],"replies":[{"embeddable":true,"href":"https:\/\/karlacasillas.mx\/index.php\/wp-json\/wp\/v2\/comments?post=25"}],"version-history":[{"count":7,"href":"https:\/\/karlacasillas.mx\/index.php\/wp-json\/wp\/v2\/pages\/25\/revisions"}],"predecessor-version":[{"id":1025,"href":"https:\/\/karlacasillas.mx\/index.php\/wp-json\/wp\/v2\/pages\/25\/revisions\/1025"}],"wp:attachment":[{"href":"https:\/\/karlacasillas.mx\/index.php\/wp-json\/wp\/v2\/media?parent=25"}],"curies":[{"name":"wp","href":"https:\/\/api.w.org\/{rel}","templated":true}]}}

Opinión

<ul class="wp-block-latest-posts__list is-grid columns-3 has-dates wp-block-latest-posts"><li><div class="wp-block-latest-posts__featured-image aligncenter"><a href="https://karlacasillas.mx/index.php/2024/06/18/urge-romper-la-dinamica-sensacionalista-alrededor-de-la-violencia-feminicida-en-mexico/" aria-label="Urge romper la dinámica sensacionalista alrededor de la violencia feminicida en México"><img loading="lazy" decoding="async" width="300" height="192" src="https://i0.wp.com/karlacasillas.mx/wp-content/uploads/2024/06/Captura-de-pantalla-2025-06-12-a-las-14.03.39.png?fit=300%2C192&amp;ssl=1" class="attachment-medium size-medium wp-post-image" alt="" style="max-width:225px;max-height:225px;" srcset="https://i0.wp.com/karlacasillas.mx/wp-content/uploads/2024/06/Captura-de-pantalla-2025-06-12-a-las-14.03.39.png?w=1217&amp;ssl=1 1217w, https://i0.wp.com/karlacasillas.mx/wp-content/uploads/2024/06/Captura-de-pantalla-2025-06-12-a-las-14.03.39.png?resize=300%2C192&amp;ssl=1 300w, https://i0.wp.com/karlacasillas.mx/wp-content/uploads/2024/06/Captura-de-pantalla-2025-06-12-a-las-14.03.39.png?resize=1024%2C655&amp;ssl=1 1024w, https://i0.wp.com/karlacasillas.mx/wp-content/uploads/2024/06/Captura-de-pantalla-2025-06-12-a-las-14.03.39.png?resize=768%2C492&amp;ssl=1 768w, https://i0.wp.com/karlacasillas.mx/wp-content/uploads/2024/06/Captura-de-pantalla-2025-06-12-a-las-14.03.39.png?resize=850%2C544&amp;ssl=1 850w" sizes="auto, (max-width: 300px) 100vw, 300px" /></a></div><a class="wp-block-latest-posts__post-title" href="https://karlacasillas.mx/index.php/2024/06/18/urge-romper-la-dinamica-sensacionalista-alrededor-de-la-violencia-feminicida-en-mexico/">Urge romper la dinámica sensacionalista alrededor de la violencia feminicida en México</a><time datetime="2024-06-18T19:54:00+00:00" class="wp-block-latest-posts__post-date">June 18, 2024</time></li>
<li><div class="wp-block-latest-posts__featured-image aligncenter"><a href="https://karlacasillas.mx/index.php/2024/03/08/escuchando-a-las-sobrevivientes-sus-reflexiones-como-guia-para-un-nuevo-periodismo/" aria-label="Escuchando a las sobrevivientes: sus reflexiones como guía para un nuevo periodismo"><img loading="lazy" decoding="async" width="300" height="165" src="https://i0.wp.com/karlacasillas.mx/wp-content/uploads/2024/03/Captura-de-pantalla-2025-06-12-a-las-14.39.44.png?fit=300%2C165&amp;ssl=1" class="attachment-medium size-medium wp-post-image" alt="" style="max-width:225px;max-height:225px;" srcset="https://i0.wp.com/karlacasillas.mx/wp-content/uploads/2024/03/Captura-de-pantalla-2025-06-12-a-las-14.39.44.png?w=1439&amp;ssl=1 1439w, https://i0.wp.com/karlacasillas.mx/wp-content/uploads/2024/03/Captura-de-pantalla-2025-06-12-a-las-14.39.44.png?resize=300%2C165&amp;ssl=1 300w, https://i0.wp.com/karlacasillas.mx/wp-content/uploads/2024/03/Captura-de-pantalla-2025-06-12-a-las-14.39.44.png?resize=1024%2C564&amp;ssl=1 1024w, https://i0.wp.com/karlacasillas.mx/wp-content/uploads/2024/03/Captura-de-pantalla-2025-06-12-a-las-14.39.44.png?resize=768%2C423&amp;ssl=1 768w, https://i0.wp.com/karlacasillas.mx/wp-content/uploads/2024/03/Captura-de-pantalla-2025-06-12-a-las-14.39.44.png?resize=850%2C468&amp;ssl=1 850w, https://i0.wp.com/karlacasillas.mx/wp-content/uploads/2024/03/Captura-de-pantalla-2025-06-12-a-las-14.39.44.png?w=1280 1280w" sizes="auto, (max-width: 300px) 100vw, 300px" /></a></div><a class="wp-block-latest-posts__post-title" href="https://karlacasillas.mx/index.php/2024/03/08/escuchando-a-las-sobrevivientes-sus-reflexiones-como-guia-para-un-nuevo-periodismo/">Escuchando a las sobrevivientes: sus reflexiones como guía para un nuevo periodismo</a><time datetime="2024-03-08T20:34:00+00:00" class="wp-block-latest-posts__post-date">March 8, 2024</time></li>
<li><div class="wp-block-latest-posts__featured-image aligncenter"><a href="https://karlacasillas.mx/index.php/2023/11/29/explorando-la-idea-de-la-traicion-mediatica/" aria-label="Explorando la idea de la traición mediática"><img loading="lazy" decoding="async" width="300" height="175" src="https://i0.wp.com/karlacasillas.mx/wp-content/uploads/2025/06/Captura-de-pantalla-2025-06-12-a-las-14.41.26.png?fit=300%2C175&amp;ssl=1" class="attachment-medium size-medium wp-post-image" alt="" style="max-width:225px;max-height:225px;" srcset="https://i0.wp.com/karlacasillas.mx/wp-content/uploads/2025/06/Captura-de-pantalla-2025-06-12-a-las-14.41.26.png?w=1438&amp;ssl=1 1438w, https://i0.wp.com/karlacasillas.mx/wp-content/uploads/2025/06/Captura-de-pantalla-2025-06-12-a-las-14.41.26.png?resize=300%2C175&amp;ssl=1 300w, https://i0.wp.com/karlacasillas.mx/wp-content/uploads/2025/06/Captura-de-pantalla-2025-06-12-a-las-14.41.26.png?resize=1024%2C599&amp;ssl=1 1024w, https://i0.wp.com/karlacasillas.mx/wp-content/uploads/2025/06/Captura-de-pantalla-2025-06-12-a-las-14.41.26.png?resize=768%2C449&amp;ssl=1 768w, https://i0.wp.com/karlacasillas.mx/wp-content/uploads/2025/06/Captura-de-pantalla-2025-06-12-a-las-14.41.26.png?resize=850%2C497&amp;ssl=1 850w, https://i0.wp.com/karlacasillas.mx/wp-content/uploads/2025/06/Captura-de-pantalla-2025-06-12-a-las-14.41.26.png?w=1280 1280w" sizes="auto, (max-width: 300px) 100vw, 300px" /></a></div><a class="wp-block-latest-posts__post-title" href="https://karlacasillas.mx/index.php/2023/11/29/explorando-la-idea-de-la-traicion-mediatica/">Explorando la idea de la traición mediática</a><time datetime="2023-11-29T20:40:00+00:00" class="wp-block-latest-posts__post-date">November 29, 2023</time></li>
<li><div class="wp-block-latest-posts__featured-image aligncenter"><a href="https://karlacasillas.mx/index.php/2021/10/13/los-medios-tienen-una-relacion-toxica-con-la-violencia-de-genero-en-mexico-es-hora-de-frenarla/" aria-label="Los medios tienen una relación tóxica con la violencia de género en México. Es hora de frenarla."><img loading="lazy" decoding="async" width="300" height="192" src="https://i0.wp.com/karlacasillas.mx/wp-content/uploads/2021/10/Captura-de-pantalla-2022-03-03-a-las-13.34.23.png?fit=300%2C192&amp;ssl=1" class="attachment-medium size-medium wp-post-image" alt="" style="max-width:225px;max-height:225px;" srcset="https://i0.wp.com/karlacasillas.mx/wp-content/uploads/2021/10/Captura-de-pantalla-2022-03-03-a-las-13.34.23.png?w=634&amp;ssl=1 634w, https://i0.wp.com/karlacasillas.mx/wp-content/uploads/2021/10/Captura-de-pantalla-2022-03-03-a-las-13.34.23.png?resize=300%2C192&amp;ssl=1 300w" sizes="auto, (max-width: 300px) 100vw, 300px" /></a></div><a class="wp-block-latest-posts__post-title" href="https://karlacasillas.mx/index.php/2021/10/13/los-medios-tienen-una-relacion-toxica-con-la-violencia-de-genero-en-mexico-es-hora-de-frenarla/">Los medios tienen una relación tóxica con la violencia de género en México. Es hora de frenarla.</a><time datetime="2021-10-13T00:12:24+00:00" class="wp-block-latest-posts__post-date">October 13, 2021</time></li>
<li><div class="wp-block-latest-posts__featured-image aligncenter"><a href="https://karlacasillas.mx/index.php/2021/02/21/ante-la-violencia-de-genero-mexico-manda-mensajes-de-impunidad/" aria-label="Ante la violencia de género, México manda mensajes de impunidad"><img loading="lazy" decoding="async" width="300" height="200" src="https://i0.wp.com/karlacasillas.mx/wp-content/uploads/2021/02/Captura-de-pantalla-2022-03-03-a-las-13.20.39.png?fit=300%2C200&amp;ssl=1" class="attachment-medium size-medium wp-post-image" alt="" style="max-width:225px;max-height:225px;" srcset="https://i0.wp.com/karlacasillas.mx/wp-content/uploads/2021/02/Captura-de-pantalla-2022-03-03-a-las-13.20.39.png?w=633&amp;ssl=1 633w, https://i0.wp.com/karlacasillas.mx/wp-content/uploads/2021/02/Captura-de-pantalla-2022-03-03-a-las-13.20.39.png?resize=300%2C200&amp;ssl=1 300w" sizes="auto, (max-width: 300px) 100vw, 300px" /></a></div><a class="wp-block-latest-posts__post-title" href="https://karlacasillas.mx/index.php/2021/02/21/ante-la-violencia-de-genero-mexico-manda-mensajes-de-impunidad/">Ante la violencia de género, México manda mensajes de impunidad</a><time datetime="2021-02-21T19:25:00+00:00" class="wp-block-latest-posts__post-date">February 21, 2021</time></li>
<li><div class="wp-block-latest-posts__featured-image aligncenter"><a href="https://karlacasillas.mx/index.php/2020/12/16/10-anos-del-asesinato-de-marisela-escobedo-las-razones-de-contar-su-historia/" aria-label="10 años del asesinato de Marisela Escobedo: las razones de contar su historia"><img loading="lazy" decoding="async" width="300" height="170" src="https://i0.wp.com/karlacasillas.mx/wp-content/uploads/2022/03/Captura-de-pantalla-2022-03-03-a-las-14.27.59.png?fit=300%2C170&amp;ssl=1" class="attachment-medium size-medium wp-post-image" alt="" style="max-width:225px;max-height:225px;" srcset="https://i0.wp.com/karlacasillas.mx/wp-content/uploads/2022/03/Captura-de-pantalla-2022-03-03-a-las-14.27.59.png?w=636&amp;ssl=1 636w, https://i0.wp.com/karlacasillas.mx/wp-content/uploads/2022/03/Captura-de-pantalla-2022-03-03-a-las-14.27.59.png?resize=300%2C170&amp;ssl=1 300w" sizes="auto, (max-width: 300px) 100vw, 300px" /></a></div><a class="wp-block-latest-posts__post-title" href="https://karlacasillas.mx/index.php/2020/12/16/10-anos-del-asesinato-de-marisela-escobedo-las-razones-de-contar-su-historia/">10 años del asesinato de Marisela Escobedo: las razones de contar su historia</a><time datetime="2020-12-16T00:02:00+00:00" class="wp-block-latest-posts__post-date">December 16, 2020</time></li>
</ul>
