{"id":21,"date":"2022-02-11T17:52:13","date_gmt":"2022-02-11T17:52:13","guid":{"rendered":"http:\/\/karlacasillas.mx\/?page_id=21"},"modified":"2025-06-12T17:34:01","modified_gmt":"2025-06-12T17:34:01","slug":"trayectoria","status":"publish","type":"page","link":"https:\/\/karlacasillas.mx\/index.php\/trayectoria\/","title":{"rendered":"Trayectoria"},"content":{"rendered":"\n<div class=\"wp-block-group\"><div class=\"wp-block-group__inner-container is-layout-flow wp-block-group-is-layout-flow\">\n<p class=\"has-text-align-justify\" style=\"font-size:18px;font-style:italic;font-weight:400\">Soy periodista desde hace 30 a\u00f1os y esta profesi\u00f3n me ha dado conocimiento, sensibilidad, aproximaci\u00f3n a problemas humanos complejos, grandes satisfacciones y tambi\u00e9n momentos muy duros. Por supuesto he cambiado en muchos aspectos, y he modificado mis puntos de vista, pero hay algo que permanece intacto: la creencia absoluta de que el periodismo sirve para lograr cambios y justicia social.<\/p>\n\n\n\n<p style=\"font-size:18px;font-style:normal;font-weight:400\">Soy fellow del <a href=\"https:\/\/jsk.stanford.edu\/fellows\/class-of-2024\" target=\"_blank\" rel=\"noopener\" title=\"\">JSK Journalism Fellowship<\/a> en Stanford University, California, y es una de las experiencias profesionales y de vida m\u00e1s incre\u00edbles que haya tenido hasta ahora.&nbsp;<\/p>\n\n\n\n<p style=\"font-size:18px;font-style:normal;font-weight:400\">Empec\u00e9 a ejercer el periodismo en 1995, en pleno levantamiento armado del Ej\u00e9rcito Zapatista de Liberaci\u00f3n Nacional (EZLN) en M\u00e9xico, y ese evento marc\u00f3 mi vida y mi carrera profesional.&nbsp;<\/p>\n\n\n\n<p style=\"font-size:18px\">El Financiero fue el peri\u00f3dico en el que empec\u00e9 mi formaci\u00f3n, y por aquellos a\u00f1os dedicaba toda mi energ\u00eda a hacer diarismo. Despu\u00e9s, del a\u00f1o 2000 al 2013, fui la corresponsal en Espa\u00f1a para ese mismo peri\u00f3dico.&nbsp;<\/p>\n\n\n\n<p style=\"font-size:18px\">Ya de vuelta en M\u00e9xico fui durante casi dos a\u00f1os (2014-2015) la Coordinadora de la Unidad de Investigaci\u00f3n del peri\u00f3dico El Universal y luego la Editora Jefa de VICE News en Espa\u00f1ol (2016-2018). Tambi\u00e9n comenc\u00e9 a especializarme en periodismo con perspectiva de g\u00e9nero y fui la Jefa de Informaci\u00f3n del medio digital mexico.com.<\/p>\n\n\n\n<p style=\"font-size:18px\">En el a\u00f1o 2020 comenc\u00e9 a hacer investigaci\u00f3n para documentales y eso abri\u00f3 un nuevo camino en mi carrera. Fui la jefa de investigaci\u00f3n del documental \u2018Las tres muertes de Marisela Escobedo\u2019, producido por Vice Studios, Scopio y Netflix. Este filme ganador del Ariel 2021 a mejor documental siempre tendr\u00e1 un lugar muy especial en mi coraz\u00f3n.&nbsp;<\/p>\n\n\n\n<p style=\"font-size:18px\">A lo largo de 2023 estrenamos con la equipa de Mezcla -la productora con la que trabajo- otros dos documentales en los que repet\u00ed como Jefa de Investigaci\u00f3n: La Dama del Silencio y La Oscuridad de la Luz del Mundo. Estos dos trabajos fueron seleccionados entre los 10 mejores por el Premio Gabriel Garc\u00eda M\u00e1quez de Periodismo 2024. Y en la \u00faltima ronda La Luz del Mundo qued\u00f3 como\u00a0 <a href=\"https:\/\/festivalgabo.com\/invitado\/karla-casillas\/\">finalista<\/a>. Tambi\u00e9n, ambos, fueron seleccionados en los Premios Ariel 2024 en la categor\u00eda de Mejor Documental por la Academia de Cine Mexicano. En 2024 estrenamos El Portal: la historia oculta de Zona Divas, serie de cuatro cap\u00edtulos en la que tambi\u00e9n\u00a0fui jefa de investigaci\u00f3n.<br><\/p>\n\n\n\n<p style=\"font-size:18px\">Fui la Coordinadora Editorial del <a href=\"https:\/\/mexico.unwomen.org\/es\/digiteca\/publicaciones\/2021\/07\/manual-de-periodistas-spotlight#:~:text=Image-,Un%20manual%20urgente%20para%20la%20cobertura%20de%20violencia%20contra%20las,las%20mujeres%20y%20las%20ni%C3%B1as.\">\u2018Manual urgente para la cobertura de violencia contra las mujeres y feminicidios en M\u00e9xico\u2019<\/a> (Spotlight-ONU Mujeres).&nbsp;<\/p>\n\n\n\n<p class=\"has-text-align-justify\" style=\"font-size:18px\">Soy coautora de dos libros \u2018Los doce mexicanos m\u00e1s pobres\u2019 (Planeta, 2016) y &#8216;Colapso, Los culpables y las v\u00edctimas de nuestra crisis clim\u00e1tica&#8217; (2022).<\/p>\n<\/div><\/div>\n\n\n\n<p><\/p>\n","protected":false},"excerpt":{"rendered":"<p>Soy periodista desde hace 30 a\u00f1os y esta profesi\u00f3n me ha dado conocimiento, sensibilidad, aproximaci\u00f3n a problemas humanos complejos, grandes satisfacciones y tambi\u00e9n momentos muy duros. Por supuesto he cambiado en muchos aspectos, y he modificado mis puntos de vista, pero hay algo que permanece intacto: la creencia absoluta de que el periodismo sirve para&#8230;<\/p>\n","protected":false},"author":1,"featured_media":0,"parent":0,"menu_order":0,"comment_status":"closed","ping_status":"closed","template":"","meta":{"_mi_skip_tracking":false,"_monsterinsights_sitenote_active":false,"_monsterinsights_sitenote_note":"","_monsterinsights_sitenote_category":0,"footnotes":""},"class_list":["post-21","page","type-page","status-publish","hentry"],"aioseo_notices":[],"_links":{"self":[{"href":"https:\/\/karlacasillas.mx\/index.php\/wp-json\/wp\/v2\/pages\/21","targetHints":{"allow":["GET"]}}],"collection":[{"href":"https:\/\/karlacasillas.mx\/index.php\/wp-json\/wp\/v2\/pages"}],"about":[{"href":"https:\/\/karlacasillas.mx\/index.php\/wp-json\/wp\/v2\/types\/page"}],"author":[{"embeddable":true,"href":"https:\/\/karlacasillas.mx\/index.php\/wp-json\/wp\/v2\/users\/1"}],"replies":[{"embeddable":true,"href":"https:\/\/karlacasillas.mx\/index.php\/wp-json\/wp\/v2\/comments?post=21"}],"version-history":[{"count":19,"href":"https:\/\/karlacasillas.mx\/index.php\/wp-json\/wp\/v2\/pages\/21\/revisions"}],"predecessor-version":[{"id":968,"href":"https:\/\/karlacasillas.mx\/index.php\/wp-json\/wp\/v2\/pages\/21\/revisions\/968"}],"wp:attachment":[{"href":"https:\/\/karlacasillas.mx\/index.php\/wp-json\/wp\/v2\/media?parent=21"}],"curies":[{"name":"wp","href":"https:\/\/api.w.org\/{rel}","templated":true}]}}

<div class="wp-block-group"><div class="wp-block-group__inner-container is-layout-flow wp-block-group-is-layout-flow">
<p class="has-text-align-justify" style="font-size:18px;font-style:italic;font-weight:400">Soy periodista desde hace 30 años y esta profesión me ha dado conocimiento, sensibilidad, aproximación a problemas humanos complejos, grandes satisfacciones y también momentos muy duros. Por supuesto he cambiado en muchos aspectos, y he modificado mis puntos de vista, pero hay algo que permanece intacto: la creencia absoluta de que el periodismo sirve para lograr cambios y justicia social.</p>



<p style="font-size:18px;font-style:normal;font-weight:400">Soy fellow del <a href="https://jsk.stanford.edu/fellows/class-of-2024" target="_blank" rel="noopener" title="">JSK Journalism Fellowship</a> en Stanford University, California, y es una de las experiencias profesionales y de vida más increíbles que haya tenido hasta ahora.&nbsp;</p>



<p style="font-size:18px;font-style:normal;font-weight:400">Empecé a ejercer el periodismo en 1995, en pleno levantamiento armado del Ejército Zapatista de Liberación Nacional (EZLN) en México, y ese evento marcó mi vida y mi carrera profesional.&nbsp;</p>



<p style="font-size:18px">El Financiero fue el periódico en el que empecé mi formación, y por aquellos años dedicaba toda mi energía a hacer diarismo. Después, del año 2000 al 2013, fui la corresponsal en España para ese mismo periódico.&nbsp;</p>



<p style="font-size:18px">Ya de vuelta en México fui durante casi dos años (2014-2015) la Coordinadora de la Unidad de Investigación del periódico El Universal y luego la Editora Jefa de VICE News en Español (2016-2018). También comencé a especializarme en periodismo con perspectiva de género y fui la Jefa de Información del medio digital mexico.com.</p>



<p style="font-size:18px">En el año 2020 comencé a hacer investigación para documentales y eso abrió un nuevo camino en mi carrera. Fui la jefa de investigación del documental ‘Las tres muertes de Marisela Escobedo’, producido por Vice Studios, Scopio y Netflix. Este filme ganador del Ariel 2021 a mejor documental siempre tendrá un lugar muy especial en mi corazón.&nbsp;</p>



<p style="font-size:18px">A lo largo de 2023 estrenamos con la equipa de Mezcla -la productora con la que trabajo- otros dos documentales en los que repetí como Jefa de Investigación: La Dama del Silencio y La Oscuridad de la Luz del Mundo. Estos dos trabajos fueron seleccionados entre los 10 mejores por el Premio Gabriel García Máquez de Periodismo 2024. Y en la última ronda La Luz del Mundo quedó como  <a href="https://festivalgabo.com/invitado/karla-casillas/">finalista</a>. También, ambos, fueron seleccionados en los Premios Ariel 2024 en la categoría de Mejor Documental por la Academia de Cine Mexicano. En 2024 estrenamos El Portal: la historia oculta de Zona Divas, serie de cuatro capítulos en la que también fui jefa de investigación.<br></p>



<p style="font-size:18px">Fui la Coordinadora Editorial del <a href="https://mexico.unwomen.org/es/digiteca/publicaciones/2021/07/manual-de-periodistas-spotlight#:~:text=Image-,Un%20manual%20urgente%20para%20la%20cobertura%20de%20violencia%20contra%20las,las%20mujeres%20y%20las%20ni%C3%B1as.">‘Manual urgente para la cobertura de violencia contra las mujeres y feminicidios en México’</a> (Spotlight-ONU Mujeres).&nbsp;</p>



<p class="has-text-align-justify" style="font-size:18px">Soy coautora de dos libros ‘Los doce mexicanos más pobres’ (Planeta, 2016) y &#8216;Colapso, Los culpables y las víctimas de nuestra crisis climática&#8217; (2022).</p>
</div></div>



<p></p>

<p>Soy periodista desde hace 30 años y esta profesión me ha dado conocimiento, sensibilidad, aproximación a problemas humanos complejos, grandes satisfacciones y también momentos muy duros. Por supuesto he cambiado en muchos aspectos, y he modificado mis puntos de vista, pero hay algo que permanece intacto: la creencia absoluta de que el periodismo sirve para&#8230;</p>
