{"id":1051,"date":"2025-06-12T22:29:38","date_gmt":"2025-06-12T22:29:38","guid":{"rendered":"https:\/\/karlacasillas.mx\/?page_id=1051"},"modified":"2025-06-12T22:42:25","modified_gmt":"2025-06-12T22:42:25","slug":"awards-and-mentions","status":"publish","type":"page","link":"https:\/\/karlacasillas.mx\/index.php\/awards-and-mentions\/","title":{"rendered":"Awards and Mentions"},"content":{"rendered":"\n<p><strong>Gabriel Garc\u00eda M\u00e1rquez Journalism Award 2024 (Gabo Award)<\/strong><\/p>\n\n\n\n<ul class=\"wp-block-list\">\n<li><strong>Finalist<\/strong>. <em>The Darkness within La Luz del Mundo<\/em><\/li>\n\n\n\n<li><strong>Selected among the top 10 works<\/strong>. <em>The Lady of Silence<\/em> and <em>The Darkness within La Luz del Mundo<\/em><\/li>\n<\/ul>\n\n\n\n<p><strong>Ariel Awards 2024<\/strong><\/p>\n\n\n\n<ul class=\"wp-block-list\">\n<li><strong>Nominee for Best Documentary.<\/strong> <em>The Lady of Silence<\/em> and <em>The Darkness within La Luz del Mundo<\/em><\/li>\n<\/ul>\n\n\n\n<p><strong>Ariel Award 2021<\/strong><\/p>\n\n\n\n<ul class=\"wp-block-list\">\n<li><strong>Winner for Best Documentary.<\/strong> <em>The Three Deaths of Marisela Escobedo<\/em> (Netflix, Vice, Scopio), awarded by the Mexican Academy of Film Arts and Sciences<\/li>\n<\/ul>\n\n\n\n<p><strong>COLPIN 2021<\/strong><\/p>\n\n\n\n<ul class=\"wp-block-list\">\n<li><strong>Special Mention<\/strong> for the investigative story <em>The Three Deaths of Marisela Escobedo<\/em>, published by <em>El Universal<\/em><\/li>\n<\/ul>\n\n\n\n<p><strong>mexico.com<\/strong><\/p>\n\n\n\n<ul class=\"wp-block-list\">\n<li><strong>Finalists, Roche Prize for Health Journalism 2019<\/strong> for the special report <em>M\u00e9xico Diab\u00e9tico<\/em> by Sa\u00fal Hern\u00e1ndez, Eugenia Coppel, Carlos Caraba\u00f1a, and Sergio Rinc\u00f3n, under my editorial coordination<\/li>\n\n\n\n<li><strong>Selected in the first round of the Gabo Prize (FNPI) 2019<\/strong> for <em>Homicides in Mexico City<\/em> by Sa\u00fal Hern\u00e1ndez, Carlos Caraba\u00f1a, and Sergio Rinc\u00f3n, under my editorial coordination<\/li>\n\n\n\n<li><strong>Special Mention, Breach-Valdez Award 2019<\/strong> for <em>108 Environmentalists Murdered<\/em> by Laura Castellanos, under my editorial coordination<\/li>\n<\/ul>\n\n\n\n<p><strong>VICE News<\/strong><\/p>\n\n\n\n<ul class=\"wp-block-list\">\n<li><strong>2018 Research Award, Aids Health Foundation and UNAIDS<\/strong>, for <em>Living with HIV in the Mexican Army<\/em> by Guillermo Rivera, under my editorial coordination<\/li>\n\n\n\n<li><strong>Special Mention as Editor, Ibero-American Cities Award<\/strong> <strong>(UNESCO and Comunidad de Madrid, 2019)<\/strong> for <em>Unequal: Unjust Realities in Latin America<\/em><\/li>\n\n\n\n<li><strong>Winner, Ibero-American Cities Award 2019<\/strong> for <em>Instructions for Walking in San Salvador<\/em> by Alejandra S\u00e1nchez Inzunza and Jos\u00e9 Luis Pardo (Drom\u00f3manos), under my editorial coordination<\/li>\n<\/ul>\n\n\n\n<p><strong>El Universal<\/strong><\/p>\n\n\n\n<ul class=\"wp-block-list\">\n<li><strong>Winner, Investigative Journalism Initiative for the Americas 2015<\/strong> for the series <em>Displaced by the Narco: The Exiled Victims<\/em> by Silber Meza and Francisco Cuamea, under my editorial guidance<\/li>\n\n\n\n<li><strong>Honorable Mention, National Journalism Award 2015<\/strong> for <em>Government Advisors Without Qualifications<\/em> by Zorayda Gallegos, under my editorial guidance<\/li>\n\n\n\n<li><strong>Walter Reuter German Journalism Award 2015<\/strong> for <em>The Failure of the War on Drugs<\/em> by Alejandra S\u00e1nchez Inzunza and Jos\u00e9 Luis Pardo, under my editorial guidance<\/li>\n\n\n\n<li><strong>National Journalism Award 2015, <\/strong>News category, for the coverage of the case of the 43 missing students of Ayotzinapa by Silber Meza and Zorayda Gallegos, under my editorial guidance<\/li>\n\n\n\n<li><strong>Honorable Mention, Inter American Press Association (IAPA)<\/strong> for <em>The Lord of the Tunnels<\/em> by Karla Casillas, Alejandra S\u00e1nchez Inzunza, Jos\u00e9 Luis Pardo, Froyl\u00e1n Enciso, and Eileen Truax, also under my editorial guidance<\/li>\n<\/ul>\n\n\n\n<p><\/p>\n","protected":false},"excerpt":{"rendered":"<p>Gabriel Garc\u00eda M\u00e1rquez Journalism Award 2024 (Gabo Award) Ariel Awards 2024 Ariel Award 2021 COLPIN 2021 mexico.com VICE News El Universal<\/p>\n","protected":false},"author":1,"featured_media":0,"parent":0,"menu_order":0,"comment_status":"closed","ping_status":"closed","template":"","meta":{"_mi_skip_tracking":false,"_monsterinsights_sitenote_active":false,"_monsterinsights_sitenote_note":"","_monsterinsights_sitenote_category":0,"footnotes":""},"class_list":["post-1051","page","type-page","status-publish","hentry"],"aioseo_notices":[],"_links":{"self":[{"href":"https:\/\/karlacasillas.mx\/index.php\/wp-json\/wp\/v2\/pages\/1051","targetHints":{"allow":["GET"]}}],"collection":[{"href":"https:\/\/karlacasillas.mx\/index.php\/wp-json\/wp\/v2\/pages"}],"about":[{"href":"https:\/\/karlacasillas.mx\/index.php\/wp-json\/wp\/v2\/types\/page"}],"author":[{"embeddable":true,"href":"https:\/\/karlacasillas.mx\/index.php\/wp-json\/wp\/v2\/users\/1"}],"replies":[{"embeddable":true,"href":"https:\/\/karlacasillas.mx\/index.php\/wp-json\/wp\/v2\/comments?post=1051"}],"version-history":[{"count":3,"href":"https:\/\/karlacasillas.mx\/index.php\/wp-json\/wp\/v2\/pages\/1051\/revisions"}],"predecessor-version":[{"id":1057,"href":"https:\/\/karlacasillas.mx\/index.php\/wp-json\/wp\/v2\/pages\/1051\/revisions\/1057"}],"wp:attachment":[{"href":"https:\/\/karlacasillas.mx\/index.php\/wp-json\/wp\/v2\/media?parent=1051"}],"curies":[{"name":"wp","href":"https:\/\/api.w.org\/{rel}","templated":true}]}}